{"id":3031,"date":"2025-08-27T11:43:31","date_gmt":"2025-08-27T10:43:31","guid":{"rendered":"https:\/\/cosimulation.es\/?page_id=3031"},"modified":"2026-03-27T11:30:17","modified_gmt":"2026-03-27T10:30:17","slug":"formacion-electrocardiografia-desde-los-inicios","status":"publish","type":"page","link":"https:\/\/cosimulation.es\/cat\/formacion-electrocardiografia-desde-los-inicios\/","title":{"rendered":"Formaci\u00f3 Electrocardiografia des dels Inicis"},"content":{"rendered":"<div data-elementor-type=\"wp-page\" data-elementor-id=\"3031\" class=\"elementor elementor-3031\" data-elementor-post-type=\"page\">\n\t\t\t\t<div class=\"elementor-element elementor-element-002d906 e-flex e-con-boxed e-con e-parent\" data-id=\"002d906\" data-element_type=\"container\" data-e-type=\"container\">\n\t\t\t\t\t<div class=\"e-con-inner\">\n\t\t\t\t<div class=\"elementor-element elementor-element-37bb711 elementor-widget elementor-widget-text-editor\" data-id=\"37bb711\" data-element_type=\"widget\" data-e-type=\"widget\" data-widget_type=\"text-editor.default\">\n\t\t\t\t<div class=\"elementor-widget-container\">\n\t\t\t\t\t\t\t\t\t<h2><strong>Electrocardiografia des dels inicis<\/strong><\/h2>\n<p>La difer\u00e8ncia entre aprendre i continuar sentint por \u00e9s que t\u2019acompanyin des dels inicis!&nbsp;<\/p>\n<p data-start=\"493\" data-end=\"751\">Formaci\u00f3 presencial de 10 hores adre\u00e7ada a professionals d\u2019infermeria, T\u00e8cnics en Emerg\u00e8ncies Sanit\u00e0ries i T\u00e8cnics en Cures Auxiliars d\u2019Infermeria, enfocada a la correcta realitzaci\u00f3 d\u2019un electrocardiograma, amb col.locaci\u00f3 est\u00e0ndard dels el\u00e8ctrodes, derivacions dretes i posteriors, i al reconeixement i la interpretaci\u00f3 dels tra\u00e7ats electrocardiogr\u00e0fics b\u00e0sics.\n\nL\u2019objectiu principal \u00e9s oferir eines pr\u00e0ctiques i te\u00f2riques per comprendre l\u2019activitat el\u00e8ctrica card\u00edaca, identificar patrons normals i detectar alteracions que puguin requerir actuaci\u00f3 m\u00e8dica urgent.<\/p>\n<p><strong>Formaci\u00f3 clau pel nou concurs de Transport Sanitari a Catalunya (2026)<\/strong>Avant\u00e7ar-se a les compet\u00e8ncies que s\u2019exigiran oficialment i millorant el teu perfil professional.<\/p>\t\t\t\t\t\t\t\t<\/div>\n\t\t\t\t<\/div>\n\t\t\t\t<div class=\"elementor-element elementor-element-3234d28 elementor-widget elementor-widget-image\" data-id=\"3234d28\" data-element_type=\"widget\" data-e-type=\"widget\" data-widget_type=\"image.default\">\n\t\t\t\t<div class=\"elementor-widget-container\">\n\t\t\t\t\t\t\t\t\t\t\t\t\t\t\t<img fetchpriority=\"high\" decoding=\"async\" width=\"1024\" height=\"556\" src=\"https:\/\/cosimulation.es\/wp-content\/uploads\/2025\/08\/Imagen-de-WhatsApp-2025-07-08-a-las-13.05.36_6d450ae4-1024x556.jpg\" class=\"attachment-large size-large wp-image-3044\" alt=\"\" srcset=\"https:\/\/cosimulation.es\/wp-content\/uploads\/2025\/08\/Imagen-de-WhatsApp-2025-07-08-a-las-13.05.36_6d450ae4-1024x556.jpg 1024w, https:\/\/cosimulation.es\/wp-content\/uploads\/2025\/08\/Imagen-de-WhatsApp-2025-07-08-a-las-13.05.36_6d450ae4-300x163.jpg 300w, https:\/\/cosimulation.es\/wp-content\/uploads\/2025\/08\/Imagen-de-WhatsApp-2025-07-08-a-las-13.05.36_6d450ae4-768x417.jpg 768w, https:\/\/cosimulation.es\/wp-content\/uploads\/2025\/08\/Imagen-de-WhatsApp-2025-07-08-a-las-13.05.36_6d450ae4-1536x833.jpg 1536w, https:\/\/cosimulation.es\/wp-content\/uploads\/2025\/08\/Imagen-de-WhatsApp-2025-07-08-a-las-13.05.36_6d450ae4-1320x716.jpg 1320w, https:\/\/cosimulation.es\/wp-content\/uploads\/2025\/08\/Imagen-de-WhatsApp-2025-07-08-a-las-13.05.36_6d450ae4-600x326.jpg 600w, https:\/\/cosimulation.es\/wp-content\/uploads\/2025\/08\/Imagen-de-WhatsApp-2025-07-08-a-las-13.05.36_6d450ae4.jpg 1600w\" sizes=\"(max-width: 1024px) 100vw, 1024px\" \/>\t\t\t\t\t\t\t\t\t\t\t\t\t\t\t<\/div>\n\t\t\t\t<\/div>\n\t\t\t\t<div class=\"elementor-element elementor-element-30a6100 elementor-widget elementor-widget-spacer\" data-id=\"30a6100\" data-element_type=\"widget\" data-e-type=\"widget\" data-widget_type=\"spacer.default\">\n\t\t\t\t<div class=\"elementor-widget-container\">\n\t\t\t\t\t\t\t<div class=\"elementor-spacer\">\n\t\t\t<div class=\"elementor-spacer-inner\"><\/div>\n\t\t<\/div>\n\t\t\t\t\t\t<\/div>\n\t\t\t\t<\/div>\n\t\t\t\t\t<\/div>\n\t\t\t\t<\/div>\n\t\t<div class=\"elementor-element elementor-element-6a24e2b e-flex e-con-boxed e-con e-parent\" data-id=\"6a24e2b\" data-element_type=\"container\" data-e-type=\"container\">\n\t\t\t\t\t<div class=\"e-con-inner\">\n\t\t\t\t<div class=\"elementor-element elementor-element-7d14c2a elementor-widget elementor-widget-text-editor\" data-id=\"7d14c2a\" data-element_type=\"widget\" data-e-type=\"widget\" data-widget_type=\"text-editor.default\">\n\t\t\t\t<div class=\"elementor-widget-container\">\n\t\t\t\t\t\t\t\t\t<h3>Qu\u00e8 inclou la formaci\u00f3?<\/h3><p>\u2705 Formaci\u00f3 presencial intensiva de 10 hores amb entrenament a trav\u00e9s de simulaci\u00f3n cl\u00ednica.<br \/>\u2705 Taller pr\u00e0ctic amb pr\u00e0ctiques individuals per a la correcta realitzaci\u00f3 d'EKG est\u00e0ndar de 12 derivacions, i EKG dretes i posteriors.<br \/>\u2705 Interpretaci\u00f3 guiada dels tra\u00e7ats b\u00e0sics en casos cl\u00ednics reals.<br \/>\u2705 Doc\u00e8ncia impartida per professionals experts en emerg\u00e8ncies i electrocardiografia.<br \/>\u2705 Acreditaci\u00f3 oficial del Consell Catal\u00e0 de Formaci\u00f3 Continuada.<\/p>\t\t\t\t\t\t\t\t<\/div>\n\t\t\t\t<\/div>\n\t\t\t\t\t<\/div>\n\t\t\t\t<\/div>\n\t\t<div class=\"elementor-element elementor-element-edafc2a e-flex e-con-boxed e-con e-parent\" data-id=\"edafc2a\" data-element_type=\"container\" data-e-type=\"container\">\n\t\t\t\t\t<div class=\"e-con-inner\">\n\t\t\t\t<div class=\"elementor-element elementor-element-842d630 elementor-widget elementor-widget-text-editor\" data-id=\"842d630\" data-element_type=\"widget\" data-e-type=\"widget\" data-widget_type=\"text-editor.default\">\n\t\t\t\t<div class=\"elementor-widget-container\">\n\t\t\t\t\t\t\t\t\t<h3>Objectius del curs<\/h3><p>\ud83d\udd39 <strong>Perdre la por a l'electrocardiograma<\/strong> adquirint una base s\u00f2lida i pr\u00e0ctica des de l'inici.<br \/>\ud83d\udd39 <strong>Dominar la realitzaci\u00f3 d'un ECG 12 derivacions<\/strong>incloent derivacions especials dretes i posteriors, amb t\u00e8cnica segura i sense errors.<br \/>\ud83d\udd39 <strong>Interpretar amb seguretat els tra\u00e7ats electrocardiogr\u00e0fics b\u00e0sics<\/strong>identificant patrons normals i alteracions que requereixen d'una actuaci\u00f3 urgent.<br \/>\ud83d\udd39 <strong>Integrar l'EKG en la pr\u00e0ctica real<\/strong> gr\u00e0cies a tallers i experi\u00e8ncies en simulaci\u00f3 que reprodueixen escenaris d'urg\u00e8ncies i emerg\u00e8ncies.<br \/>\ud83d\udd39 <strong>Augmentar la confian\u00e7a i la rapidesa diagn\u00f2stica de les patologies temps depenent,<\/strong>millorant la coordinaci\u00f3, la qualitat assistencial i la seguretat del pacient.<\/p>\t\t\t\t\t\t\t\t<\/div>\n\t\t\t\t<\/div>\n\t\t\t\t\t<\/div>\n\t\t\t\t<\/div>\n\t\t<div class=\"elementor-element elementor-element-5d48166 e-flex e-con-boxed e-con e-parent\" data-id=\"5d48166\" data-element_type=\"container\" data-e-type=\"container\">\n\t\t\t\t\t<div class=\"e-con-inner\">\n\t\t\t\t<div class=\"elementor-element elementor-element-8f4a3d7 elementor-widget elementor-widget-text-editor\" data-id=\"8f4a3d7\" data-element_type=\"widget\" data-e-type=\"widget\" data-widget_type=\"text-editor.default\">\n\t\t\t\t<div class=\"elementor-widget-container\">\n\t\t\t\t\t\t\t\t\t<h3>Per qu\u00e8 escollir la nostra formaci\u00f3?<\/h3><ul><li><strong>Places molt reduides (m\u00e0x. 12 persones)<\/strong> que garantitza una formaci\u00f3 quasi personalitzada, amb feedback inmediat i pr\u00e0ctica supervisada al 100%.<\/li><li><strong>Experi\u00e8ncies d'aprenentatge amb simulaci\u00f3 cl\u00ednica<\/strong> que permet la comprensi\u00f3 i integraci\u00f3 dels continguts apresos.<\/li><li><strong>Docentes en activo en emergencias y UCI<\/strong>. Formaci\u00f3 impartida per professionals que treballen dia a dia amb electrocardiografia i situacions cr\u00edtiques, no nom\u00e9s formadors te\u00f2rics.<\/li><li><strong>Entorn d'aprenentatge segur i participatiu.<\/strong><\/li><li><strong>Coffee break exclusiu incl\u00f2s<\/strong> esmorzar i berenar que nom\u00e9s t'hagis de centrar en aprendre.<\/li><li><strong>Mentoritzaci\u00f3 i seguiment post-formaci\u00f3:<\/strong> acc\u00e9s exclusiu a un grup privat per resoldre dubres i analitzar casos cl\u00ednics incl\u00fas despr\u00e9s del curs.<\/li><\/ul>\t\t\t\t\t\t\t\t<\/div>\n\t\t\t\t<\/div>\n\t\t\t\t\t<\/div>\n\t\t\t\t<\/div>\n\t\t<div class=\"elementor-element elementor-element-2c470c8 e-flex e-con-boxed e-con e-parent\" data-id=\"2c470c8\" data-element_type=\"container\" data-e-type=\"container\">\n\t\t\t\t\t<div class=\"e-con-inner\">\n\t\t<div class=\"elementor-element elementor-element-d1fbb5f e-con-full e-flex e-con e-child\" data-id=\"d1fbb5f\" data-element_type=\"container\" data-e-type=\"container\" data-settings=\"{&quot;background_background&quot;:&quot;classic&quot;}\">\n\t\t\t\t<div class=\"elementor-element elementor-element-008397d elementor-widget elementor-widget-text-editor\" data-id=\"008397d\" data-element_type=\"widget\" data-e-type=\"widget\" data-widget_type=\"text-editor.default\">\n\t\t\t\t<div class=\"elementor-widget-container\">\n\t\t\t\t\t\t\t\t\t<h4 style=\"text-align: center;\"><strong>Pla\u00e7a individual<\/strong><\/h4><p><img decoding=\"async\" class=\"emoji\" role=\"img\" draggable=\"false\" src=\"https:\/\/s.w.org\/images\/core\/emoji\/16.0.1\/svg\/1f4b0.svg\" alt=\"\ud83d\udcb0\" \/> <strong>Preu:<\/strong>: 120\u20ac. T\u00edtol acreditatiu a part, 30\u20ac. (Opci\u00f3 de pagament fraccionat en 3 mesos sense interesos amb Klarna)<br \/><img decoding=\"async\" class=\"emoji\" role=\"img\" draggable=\"false\" src=\"https:\/\/s.w.org\/images\/core\/emoji\/16.0.1\/svg\/1f4cd.svg\" alt=\"\ud83d\udccd\" \/> <strong>CAT.Central:<\/strong> NEXE, Sant Fruit\u00f3s de Bages, Alfred Figueras, s\/n.<br \/><img decoding=\"async\" class=\"emoji\" role=\"img\" draggable=\"false\" src=\"https:\/\/s.w.org\/images\/core\/emoji\/16.0.1\/svg\/1f4c5.svg\" alt=\"\ud83d\udcc5\" \/> <strong>Sant Fruit\u00f3s, dates: <\/strong>Properes dates 17 abril i 25 de maig, de 9 a 21h, amb 2h a migdia de descans.<\/p><p><img decoding=\"async\" class=\"emoji\" role=\"img\" draggable=\"false\" src=\"https:\/\/s.w.org\/images\/core\/emoji\/16.0.1\/svg\/1f4cd.svg\" alt=\"\ud83d\udccd\" \/> <strong>Metropolitana Nord:<\/strong> La Marineta, c\/S\u00ednia n.3 Parets del Vall\u00e8s.<br \/><img decoding=\"async\" class=\"emoji\" role=\"img\" draggable=\"false\" src=\"https:\/\/s.w.org\/images\/core\/emoji\/16.0.1\/svg\/1f4c5.svg\" alt=\"\ud83d\udcc5\" \/> <strong>Sant Fruit\u00f3s, dates: <\/strong>11 i 12 de juny, els dos dies de 9 a 14h.<\/p><p><img decoding=\"async\" class=\"emoji\" role=\"img\" draggable=\"false\" src=\"https:\/\/s.w.org\/images\/core\/emoji\/16.0.1\/svg\/1f465.svg\" alt=\"\ud83d\udc65\" \/> <strong>Modalitat:<\/strong> Presencial i amb grups reduits.<\/p><p><img decoding=\"async\" class=\"emoji\" style=\"background-color: #bcc8ff;\" role=\"img\" draggable=\"false\" src=\"https:\/\/s.w.org\/images\/core\/emoji\/16.0.1\/svg\/1f4cc.svg\" alt=\"\ud83d\udccc\" \/> <strong>Inclou:<\/strong>:<\/p><ul><li>Acreditaci\u00f3 oficial, 1,8 cr\u00e8dits.<\/li><li>Material docent.<\/li><li>Coffee break.<\/li><\/ul>\t\t\t\t\t\t\t\t<\/div>\n\t\t\t\t<\/div>\n\t\t\t\t<div class=\"elementor-element elementor-element-d68b792 elementor-align-center elementor-widget elementor-widget-button\" data-id=\"d68b792\" data-element_type=\"widget\" data-e-type=\"widget\" data-widget_type=\"button.default\">\n\t\t\t\t<div class=\"elementor-widget-container\">\n\t\t\t\t\t\t\t\t\t<div class=\"elementor-button-wrapper\">\n\t\t\t\t\t<a class=\"elementor-button elementor-button-link elementor-size-sm\" href=\"https:\/\/cosimulation.es\/cat\/producte\/formacion-electrocardiografia-desde-los-inicios-3-de-oct\/\">\n\t\t\t\t\t\t<span class=\"elementor-button-content-wrapper\">\n\t\t\t\t\t\t\t\t\t<span class=\"elementor-button-text\">RESERVA LA TEVA PLA\u00c7A<\/span>\n\t\t\t\t\t<\/span>\n\t\t\t\t\t<\/a>\n\t\t\t\t<\/div>\n\t\t\t\t\t\t\t\t<\/div>\n\t\t\t\t<\/div>\n\t\t\t\t<\/div>\n\t\t\t\t\t<\/div>\n\t\t\t\t<\/div>\n\t\t\t\t<\/div>","protected":false},"excerpt":{"rendered":"<p>Electrocardiograf\u00eda desde los Inicios \u00a1La diferencia entre aprender y seguir sintiendo miedo est\u00e1 en que te acompa\u00f1en desde los inicios!&nbsp; Formaci\u00f3n presencial de 10 horas dirigida a profesionales de enfermer\u00eda, T\u00e9cnicos en Emergencias Sanitarias y T\u00e9cnicos en Cuidados Auxiliares de Enfermer\u00eda, enfocada en la correcta realizaci\u00f3n de un electrocardiograma con colocaci\u00f3n est\u00e1ndar de los electrodos,&hellip;&nbsp;<a href=\"https:\/\/cosimulation.es\/cat\/formacion-electrocardiografia-desde-los-inicios\/\" rel=\"bookmark\"><span class=\"screen-reader-text\">Formaci\u00f3 Electrocardiografia des dels Inicis<\/span><\/a><\/p>","protected":false},"author":1,"featured_media":0,"parent":0,"menu_order":0,"comment_status":"closed","ping_status":"closed","template":"","meta":{"neve_meta_sidebar":"","neve_meta_container":"","neve_meta_enable_content_width":"","neve_meta_content_width":0,"neve_meta_title_alignment":"","neve_meta_author_avatar":"","neve_post_elements_order":"","neve_meta_disable_header":"","neve_meta_disable_footer":"","neve_meta_disable_title":"","footnotes":""},"class_list":["post-3031","page","type-page","status-publish","hentry"],"yoast_head":"<!-- This site is optimized with the Yoast SEO plugin v26.6 - https:\/\/yoast.com\/wordpress\/plugins\/seo\/ -->\n<title>Formaci\u00f3n Electrocardiograf\u00eda desde los Inicios | coSIMULATION<\/title>\n<meta name=\"robots\" content=\"index, follow, max-snippet:-1, max-image-preview:large, max-video-preview:-1\" \/>\n<link rel=\"canonical\" href=\"https:\/\/cosimulation.es\/cat\/formacion-electrocardiografia-desde-los-inicios\/\" \/>\n<meta property=\"og:locale\" content=\"ca_ES\" \/>\n<meta property=\"og:type\" content=\"article\" \/>\n<meta property=\"og:title\" content=\"Formaci\u00f3n Electrocardiograf\u00eda desde los Inicios | coSIMULATION\" \/>\n<meta property=\"og:description\" content=\"Electrocardiograf\u00eda desde los Inicios \u00a1La diferencia entre aprender y seguir sintiendo miedo est\u00e1 en que te acompa\u00f1en desde los inicios!&nbsp; Formaci\u00f3n presencial de 10 horas dirigida a profesionales de enfermer\u00eda, T\u00e9cnicos en Emergencias Sanitarias y T\u00e9cnicos en Cuidados Auxiliares de Enfermer\u00eda, enfocada en la correcta realizaci\u00f3n de un electrocardiograma con colocaci\u00f3n est\u00e1ndar de los electrodos,&hellip;&nbsp;Formaci\u00f3n Electrocardiograf\u00eda desde los Inicios\" \/>\n<meta property=\"og:url\" content=\"https:\/\/cosimulation.es\/cat\/formacion-electrocardiografia-desde-los-inicios\/\" \/>\n<meta property=\"og:site_name\" content=\"coSIMULATION\" \/>\n<meta property=\"article:publisher\" content=\"https:\/\/www.instagram.com\/cosimulation.es\/\" \/>\n<meta property=\"article:modified_time\" content=\"2026-03-27T10:30:17+00:00\" \/>\n<meta property=\"og:image\" content=\"https:\/\/cosimulation.es\/wp-content\/uploads\/2025\/08\/Imagen-de-WhatsApp-2025-07-08-a-las-13.05.36_6d450ae4.jpg\" \/>\n\t<meta property=\"og:image:width\" content=\"1600\" \/>\n\t<meta property=\"og:image:height\" content=\"868\" \/>\n\t<meta property=\"og:image:type\" content=\"image\/jpeg\" \/>\n<meta name=\"twitter:card\" content=\"summary_large_image\" \/>\n<meta name=\"twitter:label1\" content=\"Temps estimat de lectura\" \/>\n\t<meta name=\"twitter:data1\" content=\"6 minuts\" \/>\n<script type=\"application\/ld+json\" class=\"yoast-schema-graph\">{\"@context\":\"https:\/\/schema.org\",\"@graph\":[{\"@type\":\"WebPage\",\"@id\":\"https:\/\/cosimulation.es\/formacion-electrocardiografia-desde-los-inicios\/\",\"url\":\"https:\/\/cosimulation.es\/formacion-electrocardiografia-desde-los-inicios\/\",\"name\":\"Formaci\u00f3n Electrocardiograf\u00eda desde los Inicios | coSIMULATION\",\"isPartOf\":{\"@id\":\"https:\/\/cosimulation.es\/#website\"},\"primaryImageOfPage\":{\"@id\":\"https:\/\/cosimulation.es\/formacion-electrocardiografia-desde-los-inicios\/#primaryimage\"},\"image\":{\"@id\":\"https:\/\/cosimulation.es\/formacion-electrocardiografia-desde-los-inicios\/#primaryimage\"},\"thumbnailUrl\":\"https:\/\/cosimulation.es\/wp-content\/uploads\/2025\/08\/Imagen-de-WhatsApp-2025-07-08-a-las-13.05.36_6d450ae4-1024x556.jpg\",\"datePublished\":\"2025-08-27T10:43:31+00:00\",\"dateModified\":\"2026-03-27T10:30:17+00:00\",\"breadcrumb\":{\"@id\":\"https:\/\/cosimulation.es\/formacion-electrocardiografia-desde-los-inicios\/#breadcrumb\"},\"inLanguage\":\"ca\",\"potentialAction\":[{\"@type\":\"ReadAction\",\"target\":[\"https:\/\/cosimulation.es\/formacion-electrocardiografia-desde-los-inicios\/\"]}]},{\"@type\":\"ImageObject\",\"inLanguage\":\"ca\",\"@id\":\"https:\/\/cosimulation.es\/formacion-electrocardiografia-desde-los-inicios\/#primaryimage\",\"url\":\"https:\/\/cosimulation.es\/wp-content\/uploads\/2025\/08\/Imagen-de-WhatsApp-2025-07-08-a-las-13.05.36_6d450ae4-1024x556.jpg\",\"contentUrl\":\"https:\/\/cosimulation.es\/wp-content\/uploads\/2025\/08\/Imagen-de-WhatsApp-2025-07-08-a-las-13.05.36_6d450ae4-1024x556.jpg\"},{\"@type\":\"BreadcrumbList\",\"@id\":\"https:\/\/cosimulation.es\/formacion-electrocardiografia-desde-los-inicios\/#breadcrumb\",\"itemListElement\":[{\"@type\":\"ListItem\",\"position\":1,\"name\":\"Portada\",\"item\":\"https:\/\/cosimulation.es\/\"},{\"@type\":\"ListItem\",\"position\":2,\"name\":\"Formaci\u00f3n Electrocardiograf\u00eda desde los Inicios\"}]},{\"@type\":\"WebSite\",\"@id\":\"https:\/\/cosimulation.es\/#website\",\"url\":\"https:\/\/cosimulation.es\/\",\"name\":\"coSIMULATION\",\"description\":\"Formaci\u00f3n sanitaria\",\"publisher\":{\"@id\":\"https:\/\/cosimulation.es\/#organization\"},\"potentialAction\":[{\"@type\":\"SearchAction\",\"target\":{\"@type\":\"EntryPoint\",\"urlTemplate\":\"https:\/\/cosimulation.es\/?s={search_term_string}\"},\"query-input\":{\"@type\":\"PropertyValueSpecification\",\"valueRequired\":true,\"valueName\":\"search_term_string\"}}],\"inLanguage\":\"ca\"},{\"@type\":\"Organization\",\"@id\":\"https:\/\/cosimulation.es\/#organization\",\"name\":\"coSIMULATION\",\"url\":\"https:\/\/cosimulation.es\/\",\"logo\":{\"@type\":\"ImageObject\",\"inLanguage\":\"ca\",\"@id\":\"https:\/\/cosimulation.es\/#\/schema\/logo\/image\/\",\"url\":\"https:\/\/cosimulation.es\/wp-content\/uploads\/2024\/01\/LOGO-coSIMULATION.png\",\"contentUrl\":\"https:\/\/cosimulation.es\/wp-content\/uploads\/2024\/01\/LOGO-coSIMULATION.png\",\"width\":500,\"height\":274,\"caption\":\"coSIMULATION\"},\"image\":{\"@id\":\"https:\/\/cosimulation.es\/#\/schema\/logo\/image\/\"},\"sameAs\":[\"https:\/\/www.instagram.com\/cosimulation.es\/\"]}]}<\/script>\n<!-- \/ Yoast SEO plugin. -->","yoast_head_json":{"title":"Formaci\u00f3n Electrocardiograf\u00eda desde los Inicios | coSIMULATION","robots":{"index":"index","follow":"follow","max-snippet":"max-snippet:-1","max-image-preview":"max-image-preview:large","max-video-preview":"max-video-preview:-1"},"canonical":"https:\/\/cosimulation.es\/cat\/formacion-electrocardiografia-desde-los-inicios\/","og_locale":"ca_ES","og_type":"article","og_title":"Formaci\u00f3n Electrocardiograf\u00eda desde los Inicios | coSIMULATION","og_description":"Electrocardiograf\u00eda desde los Inicios \u00a1La diferencia entre aprender y seguir sintiendo miedo est\u00e1 en que te acompa\u00f1en desde los inicios!&nbsp; Formaci\u00f3n presencial de 10 horas dirigida a profesionales de enfermer\u00eda, T\u00e9cnicos en Emergencias Sanitarias y T\u00e9cnicos en Cuidados Auxiliares de Enfermer\u00eda, enfocada en la correcta realizaci\u00f3n de un electrocardiograma con colocaci\u00f3n est\u00e1ndar de los electrodos,&hellip;&nbsp;Formaci\u00f3n Electrocardiograf\u00eda desde los Inicios","og_url":"https:\/\/cosimulation.es\/cat\/formacion-electrocardiografia-desde-los-inicios\/","og_site_name":"coSIMULATION","article_publisher":"https:\/\/www.instagram.com\/cosimulation.es\/","article_modified_time":"2026-03-27T10:30:17+00:00","og_image":[{"width":1600,"height":868,"url":"https:\/\/cosimulation.es\/wp-content\/uploads\/2025\/08\/Imagen-de-WhatsApp-2025-07-08-a-las-13.05.36_6d450ae4.jpg","type":"image\/jpeg"}],"twitter_card":"summary_large_image","twitter_misc":{"Temps estimat de lectura":"6 minuts"},"schema":{"@context":"https:\/\/schema.org","@graph":[{"@type":"WebPage","@id":"https:\/\/cosimulation.es\/formacion-electrocardiografia-desde-los-inicios\/","url":"https:\/\/cosimulation.es\/formacion-electrocardiografia-desde-los-inicios\/","name":"Formaci\u00f3n Electrocardiograf\u00eda desde los Inicios | coSIMULATION","isPartOf":{"@id":"https:\/\/cosimulation.es\/#website"},"primaryImageOfPage":{"@id":"https:\/\/cosimulation.es\/formacion-electrocardiografia-desde-los-inicios\/#primaryimage"},"image":{"@id":"https:\/\/cosimulation.es\/formacion-electrocardiografia-desde-los-inicios\/#primaryimage"},"thumbnailUrl":"https:\/\/cosimulation.es\/wp-content\/uploads\/2025\/08\/Imagen-de-WhatsApp-2025-07-08-a-las-13.05.36_6d450ae4-1024x556.jpg","datePublished":"2025-08-27T10:43:31+00:00","dateModified":"2026-03-27T10:30:17+00:00","breadcrumb":{"@id":"https:\/\/cosimulation.es\/formacion-electrocardiografia-desde-los-inicios\/#breadcrumb"},"inLanguage":"ca","potentialAction":[{"@type":"ReadAction","target":["https:\/\/cosimulation.es\/formacion-electrocardiografia-desde-los-inicios\/"]}]},{"@type":"ImageObject","inLanguage":"ca","@id":"https:\/\/cosimulation.es\/formacion-electrocardiografia-desde-los-inicios\/#primaryimage","url":"https:\/\/cosimulation.es\/wp-content\/uploads\/2025\/08\/Imagen-de-WhatsApp-2025-07-08-a-las-13.05.36_6d450ae4-1024x556.jpg","contentUrl":"https:\/\/cosimulation.es\/wp-content\/uploads\/2025\/08\/Imagen-de-WhatsApp-2025-07-08-a-las-13.05.36_6d450ae4-1024x556.jpg"},{"@type":"BreadcrumbList","@id":"https:\/\/cosimulation.es\/formacion-electrocardiografia-desde-los-inicios\/#breadcrumb","itemListElement":[{"@type":"ListItem","position":1,"name":"Portada","item":"https:\/\/cosimulation.es\/"},{"@type":"ListItem","position":2,"name":"Formaci\u00f3n Electrocardiograf\u00eda desde los Inicios"}]},{"@type":"WebSite","@id":"https:\/\/cosimulation.es\/#website","url":"https:\/\/cosimulation.es\/","name":"coSIMULATION","description":"Formaci\u00f3n sanitaria","publisher":{"@id":"https:\/\/cosimulation.es\/#organization"},"potentialAction":[{"@type":"SearchAction","target":{"@type":"EntryPoint","urlTemplate":"https:\/\/cosimulation.es\/?s={search_term_string}"},"query-input":{"@type":"PropertyValueSpecification","valueRequired":true,"valueName":"search_term_string"}}],"inLanguage":"ca"},{"@type":"Organization","@id":"https:\/\/cosimulation.es\/#organization","name":"coSIMULATION","url":"https:\/\/cosimulation.es\/","logo":{"@type":"ImageObject","inLanguage":"ca","@id":"https:\/\/cosimulation.es\/#\/schema\/logo\/image\/","url":"https:\/\/cosimulation.es\/wp-content\/uploads\/2024\/01\/LOGO-coSIMULATION.png","contentUrl":"https:\/\/cosimulation.es\/wp-content\/uploads\/2024\/01\/LOGO-coSIMULATION.png","width":500,"height":274,"caption":"coSIMULATION"},"image":{"@id":"https:\/\/cosimulation.es\/#\/schema\/logo\/image\/"},"sameAs":["https:\/\/www.instagram.com\/cosimulation.es\/"]}]}},"jetpack_sharing_enabled":true,"publishpress_future_action":{"enabled":false,"date":"2026-05-05 17:04:52","action":"change-status","newStatus":"draft","terms":[],"taxonomy":"","extraData":[]},"publishpress_future_workflow_manual_trigger":{"enabledWorkflows":[]},"_links":{"self":[{"href":"https:\/\/cosimulation.es\/cat\/wp-json\/wp\/v2\/pages\/3031","targetHints":{"allow":["GET"]}}],"collection":[{"href":"https:\/\/cosimulation.es\/cat\/wp-json\/wp\/v2\/pages"}],"about":[{"href":"https:\/\/cosimulation.es\/cat\/wp-json\/wp\/v2\/types\/page"}],"author":[{"embeddable":true,"href":"https:\/\/cosimulation.es\/cat\/wp-json\/wp\/v2\/users\/1"}],"replies":[{"embeddable":true,"href":"https:\/\/cosimulation.es\/cat\/wp-json\/wp\/v2\/comments?post=3031"}],"version-history":[{"count":34,"href":"https:\/\/cosimulation.es\/cat\/wp-json\/wp\/v2\/pages\/3031\/revisions"}],"predecessor-version":[{"id":4645,"href":"https:\/\/cosimulation.es\/cat\/wp-json\/wp\/v2\/pages\/3031\/revisions\/4645"}],"wp:attachment":[{"href":"https:\/\/cosimulation.es\/cat\/wp-json\/wp\/v2\/media?parent=3031"}],"curies":[{"name":"wp","href":"https:\/\/api.w.org\/{rel}","templated":true}]}}