{"id":2667,"date":"2025-07-04T11:54:28","date_gmt":"2025-07-04T10:54:28","guid":{"rendered":"https:\/\/cosimulation.es\/?page_id=2667"},"modified":"2025-11-07T12:14:57","modified_gmt":"2025-11-07T11:14:57","slug":"formacion-farmacologia-en-el-entorno-critico","status":"publish","type":"page","link":"https:\/\/cosimulation.es\/cat\/formacion-farmacologia-en-el-entorno-critico\/","title":{"rendered":"Formaci\u00f3n Farmacolog\u00eda en el Entorno Cr\u00edtico"},"content":{"rendered":"<div data-elementor-type=\"wp-page\" data-elementor-id=\"2667\" class=\"elementor elementor-2667\" data-elementor-post-type=\"page\">\n\t\t\t\t<div class=\"elementor-element elementor-element-002d906 e-flex e-con-boxed e-con e-parent\" data-id=\"002d906\" data-element_type=\"container\" data-e-type=\"container\">\n\t\t\t\t\t<div class=\"e-con-inner\">\n\t\t\t\t<div class=\"elementor-element elementor-element-37bb711 elementor-widget elementor-widget-text-editor\" data-id=\"37bb711\" data-element_type=\"widget\" data-e-type=\"widget\" data-widget_type=\"text-editor.default\">\n\t\t\t\t<div class=\"elementor-widget-container\">\n\t\t\t\t\t\t\t\t\t<h2><strong>Formaci\u00f3n Farmacolog\u00eda en el Entorno Cr\u00edtico<\/strong><\/h2>\n<p data-pm-slice=\"1 1 []\">Esta formaci\u00f3n est\u00e1 dise\u00f1ada espec\u00edficamente para profesionales de enfermer\u00eda, t\u00e9cnicos y TCAE.<\/p>\n<p data-pm-slice=\"1 1 []\">Te ofrece las claves fundamentales para comprender y manejar con seguridad los f\u00e1rmacos m\u00e1s utilizados en el paciente cr\u00edtico. Porque en contextos de alta complejidad, saber por qu\u00e9, cu\u00e1ndo y c\u00f3mo act\u00faan los medicamentos puede marcar la diferencia entre estabilizar\u2026 o descompensar.<\/p>\n<p data-pm-slice=\"1 1 []\">Acreditaci\u00f3n oficial solicitada y en camino.&nbsp;<\/p>\t\t\t\t\t\t\t\t<\/div>\n\t\t\t\t<\/div>\n\t\t\t\t\t<\/div>\n\t\t\t\t<\/div>\n\t\t<div class=\"elementor-element elementor-element-6a24e2b e-flex e-con-boxed e-con e-parent\" data-id=\"6a24e2b\" data-element_type=\"container\" data-e-type=\"container\">\n\t\t\t\t\t<div class=\"e-con-inner\">\n\t\t\t\t<div class=\"elementor-element elementor-element-00e7744 elementor-widget elementor-widget-image\" data-id=\"00e7744\" data-element_type=\"widget\" data-e-type=\"widget\" data-widget_type=\"image.default\">\n\t\t\t\t<div class=\"elementor-widget-container\">\n\t\t\t\t\t\t\t\t\t\t\t\t\t\t\t<img fetchpriority=\"high\" decoding=\"async\" width=\"1024\" height=\"576\" src=\"https:\/\/cosimulation.es\/wp-content\/uploads\/2025\/07\/portada-farma-tit-1024x576.jpg\" class=\"attachment-large size-large wp-image-2640\" alt=\"\" srcset=\"https:\/\/cosimulation.es\/wp-content\/uploads\/2025\/07\/portada-farma-tit-1024x576.jpg 1024w, https:\/\/cosimulation.es\/wp-content\/uploads\/2025\/07\/portada-farma-tit-300x169.jpg 300w, https:\/\/cosimulation.es\/wp-content\/uploads\/2025\/07\/portada-farma-tit-768x432.jpg 768w, https:\/\/cosimulation.es\/wp-content\/uploads\/2025\/07\/portada-farma-tit-1536x864.jpg 1536w, https:\/\/cosimulation.es\/wp-content\/uploads\/2025\/07\/portada-farma-tit-1320x743.jpg 1320w, https:\/\/cosimulation.es\/wp-content\/uploads\/2025\/07\/portada-farma-tit-600x338.jpg 600w, https:\/\/cosimulation.es\/wp-content\/uploads\/2025\/07\/portada-farma-tit.jpg 1920w\" sizes=\"(max-width: 1024px) 100vw, 1024px\" \/>\t\t\t\t\t\t\t\t\t\t\t\t\t\t\t<\/div>\n\t\t\t\t<\/div>\n\t\t\t\t<div class=\"elementor-element elementor-element-d14b546 elementor-widget elementor-widget-spacer\" data-id=\"d14b546\" data-element_type=\"widget\" data-e-type=\"widget\" data-widget_type=\"spacer.default\">\n\t\t\t\t<div class=\"elementor-widget-container\">\n\t\t\t\t\t\t\t<div class=\"elementor-spacer\">\n\t\t\t<div class=\"elementor-spacer-inner\"><\/div>\n\t\t<\/div>\n\t\t\t\t\t\t<\/div>\n\t\t\t\t<\/div>\n\t\t\t\t<div class=\"elementor-element elementor-element-b4e3c6d elementor-widget elementor-widget-heading\" data-id=\"b4e3c6d\" data-element_type=\"widget\" data-e-type=\"widget\" data-widget_type=\"heading.default\">\n\t\t\t\t<div class=\"elementor-widget-container\">\n\t\t\t\t\t<h2 class=\"elementor-heading-title elementor-size-default\">\u00bfQuieres ser de los primeros en asegurar tu plaza?<\/h2>\t\t\t\t<\/div>\n\t\t\t\t<\/div>\n\t\t\t\t<div class=\"elementor-element elementor-element-0abd201 elementor-widget elementor-widget-text-editor\" data-id=\"0abd201\" data-element_type=\"widget\" data-e-type=\"widget\" data-widget_type=\"text-editor.default\">\n\t\t\t\t<div class=\"elementor-widget-container\">\n\t\t\t\t\t\t\t\t\t<p>Rellena con tus datos y te contactaremos en orden prioritario.<\/p>\t\t\t\t\t\t\t\t<\/div>\n\t\t\t\t<\/div>\n\t\t\t\t<div class=\"elementor-element elementor-element-299447a elementor-button-align-stretch elementor-widget elementor-widget-form\" data-id=\"299447a\" data-element_type=\"widget\" data-e-type=\"widget\" data-settings=\"{&quot;step_next_label&quot;:&quot;Siguiente&quot;,&quot;step_previous_label&quot;:&quot;Anterior&quot;,&quot;button_width&quot;:&quot;100&quot;,&quot;step_type&quot;:&quot;number_text&quot;,&quot;step_icon_shape&quot;:&quot;circle&quot;}\" data-widget_type=\"form.default\">\n\t\t\t\t<div class=\"elementor-widget-container\">\n\t\t\t\t\t\t\t<form class=\"elementor-form\" method=\"post\" name=\"Leads Farma\" aria-label=\"Leads Farma\" action=\"\">\n\t\t\t<input type=\"hidden\" name=\"post_id\" value=\"2667\"\/>\n\t\t\t<input type=\"hidden\" name=\"form_id\" value=\"299447a\"\/>\n\t\t\t<input type=\"hidden\" name=\"referer_title\" value=\"Formaci\u00f3n Farmacolog\u00eda en el Entorno Cr\u00edtico | coSIMULATION\" \/>\n\n\t\t\t\t\t\t\t<input type=\"hidden\" name=\"queried_id\" value=\"2667\"\/>\n\t\t\t\n\t\t\t<div class=\"elementor-form-fields-wrapper elementor-labels-above\">\n\t\t\t\t\t\t\t\t<div class=\"elementor-field-type-text elementor-field-group elementor-column elementor-field-group-name elementor-col-100\">\n\t\t\t\t\t\t\t\t\t\t\t\t<label for=\"form-field-name\" class=\"elementor-field-label\">\n\t\t\t\t\t\t\t\tNom\t\t\t\t\t\t\t<\/label>\n\t\t\t\t\t\t\t\t\t\t\t\t\t\t<input size=\"1\" type=\"text\" name=\"form_fields[name]\" id=\"form-field-name\" class=\"elementor-field elementor-size-md  elementor-field-textual\" placeholder=\"Tu nombre\">\n\t\t\t\t\t\t\t\t\t\t\t<\/div>\n\t\t\t\t\t\t\t\t<div class=\"elementor-field-type-email elementor-field-group elementor-column elementor-field-group-email elementor-col-100 elementor-field-required\">\n\t\t\t\t\t\t\t\t\t\t\t\t<label for=\"form-field-email\" class=\"elementor-field-label\">\n\t\t\t\t\t\t\t\tEl teu millor mail\t\t\t\t\t\t\t<\/label>\n\t\t\t\t\t\t\t\t\t\t\t\t\t\t<input size=\"1\" type=\"email\" name=\"form_fields[email]\" id=\"form-field-email\" class=\"elementor-field elementor-size-md  elementor-field-textual\" placeholder=\"Tu mejor mail\" required=\"required\">\n\t\t\t\t\t\t\t\t\t\t\t<\/div>\n\t\t\t\t\t\t\t\t<div class=\"elementor-field-group elementor-column elementor-field-type-submit elementor-col-100 e-form__buttons\">\n\t\t\t\t\t<button class=\"elementor-button elementor-size-sm\" type=\"submit\">\n\t\t\t\t\t\t<span class=\"elementor-button-content-wrapper\">\n\t\t\t\t\t\t\t\t\t\t\t\t\t\t\t\t\t\t\t\t\t\t<span class=\"elementor-button-text\">Enviar solicitud<\/span>\n\t\t\t\t\t\t\t\t\t\t\t\t\t<\/span>\n\t\t\t\t\t<\/button>\n\t\t\t\t<\/div>\n\t\t\t<\/div>\n\t\t<input type=\"hidden\" name=\"trp-form-language\" value=\"cat\"\/><\/form>\n\t\t\t\t\t\t<\/div>\n\t\t\t\t<\/div>\n\t\t\t\t<div class=\"elementor-element elementor-element-ad8b95a elementor-widget elementor-widget-spacer\" data-id=\"ad8b95a\" data-element_type=\"widget\" data-e-type=\"widget\" data-widget_type=\"spacer.default\">\n\t\t\t\t<div class=\"elementor-widget-container\">\n\t\t\t\t\t\t\t<div class=\"elementor-spacer\">\n\t\t\t<div class=\"elementor-spacer-inner\"><\/div>\n\t\t<\/div>\n\t\t\t\t\t\t<\/div>\n\t\t\t\t<\/div>\n\t\t\t\t\t<\/div>\n\t\t\t\t<\/div>\n\t\t\t\t<\/div>","protected":false},"excerpt":{"rendered":"<p>Formaci\u00f3n Farmacolog\u00eda en el Entorno Cr\u00edtico Esta formaci\u00f3n est\u00e1 dise\u00f1ada espec\u00edficamente para profesionales de enfermer\u00eda, t\u00e9cnicos y TCAE. Te ofrece las claves fundamentales para comprender y manejar con seguridad los f\u00e1rmacos m\u00e1s utilizados en el paciente cr\u00edtico. Porque en contextos de alta complejidad, saber por qu\u00e9, cu\u00e1ndo y c\u00f3mo act\u00faan los medicamentos puede marcar la&hellip;&nbsp;<a href=\"https:\/\/cosimulation.es\/cat\/formacion-farmacologia-en-el-entorno-critico\/\" rel=\"bookmark\"><span class=\"screen-reader-text\">Formaci\u00f3n Farmacolog\u00eda en el Entorno Cr\u00edtico<\/span><\/a><\/p>","protected":false},"author":1,"featured_media":0,"parent":0,"menu_order":0,"comment_status":"closed","ping_status":"closed","template":"","meta":{"neve_meta_sidebar":"","neve_meta_container":"","neve_meta_enable_content_width":"","neve_meta_content_width":0,"neve_meta_title_alignment":"","neve_meta_author_avatar":"","neve_post_elements_order":"","neve_meta_disable_header":"","neve_meta_disable_footer":"","neve_meta_disable_title":"","footnotes":""},"class_list":["post-2667","page","type-page","status-publish","hentry"],"yoast_head":"<!-- This site is optimized with the Yoast SEO plugin v26.6 - https:\/\/yoast.com\/wordpress\/plugins\/seo\/ -->\n<title>Formaci\u00f3n Farmacolog\u00eda en el Entorno Cr\u00edtico | coSIMULATION<\/title>\n<meta name=\"robots\" content=\"index, follow, max-snippet:-1, max-image-preview:large, max-video-preview:-1\" \/>\n<link rel=\"canonical\" href=\"https:\/\/cosimulation.es\/cat\/formacion-farmacologia-en-el-entorno-critico\/\" \/>\n<meta property=\"og:locale\" content=\"ca_ES\" \/>\n<meta property=\"og:type\" content=\"article\" \/>\n<meta property=\"og:title\" content=\"Formaci\u00f3n Farmacolog\u00eda en el Entorno Cr\u00edtico | coSIMULATION\" \/>\n<meta property=\"og:description\" content=\"Formaci\u00f3n Farmacolog\u00eda en el Entorno Cr\u00edtico Esta formaci\u00f3n est\u00e1 dise\u00f1ada espec\u00edficamente para profesionales de enfermer\u00eda, t\u00e9cnicos y TCAE. Te ofrece las claves fundamentales para comprender y manejar con seguridad los f\u00e1rmacos m\u00e1s utilizados en el paciente cr\u00edtico. Porque en contextos de alta complejidad, saber por qu\u00e9, cu\u00e1ndo y c\u00f3mo act\u00faan los medicamentos puede marcar la&hellip;&nbsp;Formaci\u00f3n Farmacolog\u00eda en el Entorno Cr\u00edtico\" \/>\n<meta property=\"og:url\" content=\"https:\/\/cosimulation.es\/cat\/formacion-farmacologia-en-el-entorno-critico\/\" \/>\n<meta property=\"og:site_name\" content=\"coSIMULATION\" \/>\n<meta property=\"article:publisher\" content=\"https:\/\/www.instagram.com\/cosimulation.es\/\" \/>\n<meta property=\"article:modified_time\" content=\"2025-11-07T11:14:57+00:00\" \/>\n<meta property=\"og:image\" content=\"https:\/\/cosimulation.es\/wp-content\/uploads\/2025\/07\/portada-farma-tit.jpg\" \/>\n\t<meta property=\"og:image:width\" content=\"1920\" \/>\n\t<meta property=\"og:image:height\" content=\"1080\" \/>\n\t<meta property=\"og:image:type\" content=\"image\/jpeg\" \/>\n<meta name=\"twitter:card\" content=\"summary_large_image\" \/>\n<meta name=\"twitter:label1\" content=\"Temps estimat de lectura\" \/>\n\t<meta name=\"twitter:data1\" content=\"1 minut\" \/>\n<script type=\"application\/ld+json\" class=\"yoast-schema-graph\">{\"@context\":\"https:\/\/schema.org\",\"@graph\":[{\"@type\":\"WebPage\",\"@id\":\"https:\/\/cosimulation.es\/formacion-farmacologia-en-el-entorno-critico\/\",\"url\":\"https:\/\/cosimulation.es\/formacion-farmacologia-en-el-entorno-critico\/\",\"name\":\"Formaci\u00f3n Farmacolog\u00eda en el Entorno Cr\u00edtico | coSIMULATION\",\"isPartOf\":{\"@id\":\"https:\/\/cosimulation.es\/#website\"},\"primaryImageOfPage\":{\"@id\":\"https:\/\/cosimulation.es\/formacion-farmacologia-en-el-entorno-critico\/#primaryimage\"},\"image\":{\"@id\":\"https:\/\/cosimulation.es\/formacion-farmacologia-en-el-entorno-critico\/#primaryimage\"},\"thumbnailUrl\":\"https:\/\/cosimulation.es\/wp-content\/uploads\/2025\/07\/portada-farma-tit-1024x576.jpg\",\"datePublished\":\"2025-07-04T10:54:28+00:00\",\"dateModified\":\"2025-11-07T11:14:57+00:00\",\"breadcrumb\":{\"@id\":\"https:\/\/cosimulation.es\/formacion-farmacologia-en-el-entorno-critico\/#breadcrumb\"},\"inLanguage\":\"ca\",\"potentialAction\":[{\"@type\":\"ReadAction\",\"target\":[\"https:\/\/cosimulation.es\/formacion-farmacologia-en-el-entorno-critico\/\"]}]},{\"@type\":\"ImageObject\",\"inLanguage\":\"ca\",\"@id\":\"https:\/\/cosimulation.es\/formacion-farmacologia-en-el-entorno-critico\/#primaryimage\",\"url\":\"https:\/\/cosimulation.es\/wp-content\/uploads\/2025\/07\/portada-farma-tit-1024x576.jpg\",\"contentUrl\":\"https:\/\/cosimulation.es\/wp-content\/uploads\/2025\/07\/portada-farma-tit-1024x576.jpg\"},{\"@type\":\"BreadcrumbList\",\"@id\":\"https:\/\/cosimulation.es\/formacion-farmacologia-en-el-entorno-critico\/#breadcrumb\",\"itemListElement\":[{\"@type\":\"ListItem\",\"position\":1,\"name\":\"Portada\",\"item\":\"https:\/\/cosimulation.es\/\"},{\"@type\":\"ListItem\",\"position\":2,\"name\":\"Formaci\u00f3n Farmacolog\u00eda en el Entorno Cr\u00edtico\"}]},{\"@type\":\"WebSite\",\"@id\":\"https:\/\/cosimulation.es\/#website\",\"url\":\"https:\/\/cosimulation.es\/\",\"name\":\"coSIMULATION\",\"description\":\"Formaci\u00f3n sanitaria\",\"publisher\":{\"@id\":\"https:\/\/cosimulation.es\/#organization\"},\"potentialAction\":[{\"@type\":\"SearchAction\",\"target\":{\"@type\":\"EntryPoint\",\"urlTemplate\":\"https:\/\/cosimulation.es\/?s={search_term_string}\"},\"query-input\":{\"@type\":\"PropertyValueSpecification\",\"valueRequired\":true,\"valueName\":\"search_term_string\"}}],\"inLanguage\":\"ca\"},{\"@type\":\"Organization\",\"@id\":\"https:\/\/cosimulation.es\/#organization\",\"name\":\"coSIMULATION\",\"url\":\"https:\/\/cosimulation.es\/\",\"logo\":{\"@type\":\"ImageObject\",\"inLanguage\":\"ca\",\"@id\":\"https:\/\/cosimulation.es\/#\/schema\/logo\/image\/\",\"url\":\"https:\/\/cosimulation.es\/wp-content\/uploads\/2024\/01\/LOGO-coSIMULATION.png\",\"contentUrl\":\"https:\/\/cosimulation.es\/wp-content\/uploads\/2024\/01\/LOGO-coSIMULATION.png\",\"width\":500,\"height\":274,\"caption\":\"coSIMULATION\"},\"image\":{\"@id\":\"https:\/\/cosimulation.es\/#\/schema\/logo\/image\/\"},\"sameAs\":[\"https:\/\/www.instagram.com\/cosimulation.es\/\"]}]}<\/script>\n<!-- \/ Yoast SEO plugin. -->","yoast_head_json":{"title":"Formaci\u00f3n Farmacolog\u00eda en el Entorno Cr\u00edtico | coSIMULATION","robots":{"index":"index","follow":"follow","max-snippet":"max-snippet:-1","max-image-preview":"max-image-preview:large","max-video-preview":"max-video-preview:-1"},"canonical":"https:\/\/cosimulation.es\/cat\/formacion-farmacologia-en-el-entorno-critico\/","og_locale":"ca_ES","og_type":"article","og_title":"Formaci\u00f3n Farmacolog\u00eda en el Entorno Cr\u00edtico | coSIMULATION","og_description":"Formaci\u00f3n Farmacolog\u00eda en el Entorno Cr\u00edtico Esta formaci\u00f3n est\u00e1 dise\u00f1ada espec\u00edficamente para profesionales de enfermer\u00eda, t\u00e9cnicos y TCAE. Te ofrece las claves fundamentales para comprender y manejar con seguridad los f\u00e1rmacos m\u00e1s utilizados en el paciente cr\u00edtico. Porque en contextos de alta complejidad, saber por qu\u00e9, cu\u00e1ndo y c\u00f3mo act\u00faan los medicamentos puede marcar la&hellip;&nbsp;Formaci\u00f3n Farmacolog\u00eda en el Entorno Cr\u00edtico","og_url":"https:\/\/cosimulation.es\/cat\/formacion-farmacologia-en-el-entorno-critico\/","og_site_name":"coSIMULATION","article_publisher":"https:\/\/www.instagram.com\/cosimulation.es\/","article_modified_time":"2025-11-07T11:14:57+00:00","og_image":[{"width":1920,"height":1080,"url":"https:\/\/cosimulation.es\/wp-content\/uploads\/2025\/07\/portada-farma-tit.jpg","type":"image\/jpeg"}],"twitter_card":"summary_large_image","twitter_misc":{"Temps estimat de lectura":"1 minut"},"schema":{"@context":"https:\/\/schema.org","@graph":[{"@type":"WebPage","@id":"https:\/\/cosimulation.es\/formacion-farmacologia-en-el-entorno-critico\/","url":"https:\/\/cosimulation.es\/formacion-farmacologia-en-el-entorno-critico\/","name":"Formaci\u00f3n Farmacolog\u00eda en el Entorno Cr\u00edtico | coSIMULATION","isPartOf":{"@id":"https:\/\/cosimulation.es\/#website"},"primaryImageOfPage":{"@id":"https:\/\/cosimulation.es\/formacion-farmacologia-en-el-entorno-critico\/#primaryimage"},"image":{"@id":"https:\/\/cosimulation.es\/formacion-farmacologia-en-el-entorno-critico\/#primaryimage"},"thumbnailUrl":"https:\/\/cosimulation.es\/wp-content\/uploads\/2025\/07\/portada-farma-tit-1024x576.jpg","datePublished":"2025-07-04T10:54:28+00:00","dateModified":"2025-11-07T11:14:57+00:00","breadcrumb":{"@id":"https:\/\/cosimulation.es\/formacion-farmacologia-en-el-entorno-critico\/#breadcrumb"},"inLanguage":"ca","potentialAction":[{"@type":"ReadAction","target":["https:\/\/cosimulation.es\/formacion-farmacologia-en-el-entorno-critico\/"]}]},{"@type":"ImageObject","inLanguage":"ca","@id":"https:\/\/cosimulation.es\/formacion-farmacologia-en-el-entorno-critico\/#primaryimage","url":"https:\/\/cosimulation.es\/wp-content\/uploads\/2025\/07\/portada-farma-tit-1024x576.jpg","contentUrl":"https:\/\/cosimulation.es\/wp-content\/uploads\/2025\/07\/portada-farma-tit-1024x576.jpg"},{"@type":"BreadcrumbList","@id":"https:\/\/cosimulation.es\/formacion-farmacologia-en-el-entorno-critico\/#breadcrumb","itemListElement":[{"@type":"ListItem","position":1,"name":"Portada","item":"https:\/\/cosimulation.es\/"},{"@type":"ListItem","position":2,"name":"Formaci\u00f3n Farmacolog\u00eda en el Entorno Cr\u00edtico"}]},{"@type":"WebSite","@id":"https:\/\/cosimulation.es\/#website","url":"https:\/\/cosimulation.es\/","name":"coSIMULATION","description":"Formaci\u00f3n sanitaria","publisher":{"@id":"https:\/\/cosimulation.es\/#organization"},"potentialAction":[{"@type":"SearchAction","target":{"@type":"EntryPoint","urlTemplate":"https:\/\/cosimulation.es\/?s={search_term_string}"},"query-input":{"@type":"PropertyValueSpecification","valueRequired":true,"valueName":"search_term_string"}}],"inLanguage":"ca"},{"@type":"Organization","@id":"https:\/\/cosimulation.es\/#organization","name":"coSIMULATION","url":"https:\/\/cosimulation.es\/","logo":{"@type":"ImageObject","inLanguage":"ca","@id":"https:\/\/cosimulation.es\/#\/schema\/logo\/image\/","url":"https:\/\/cosimulation.es\/wp-content\/uploads\/2024\/01\/LOGO-coSIMULATION.png","contentUrl":"https:\/\/cosimulation.es\/wp-content\/uploads\/2024\/01\/LOGO-coSIMULATION.png","width":500,"height":274,"caption":"coSIMULATION"},"image":{"@id":"https:\/\/cosimulation.es\/#\/schema\/logo\/image\/"},"sameAs":["https:\/\/www.instagram.com\/cosimulation.es\/"]}]}},"jetpack_sharing_enabled":true,"publishpress_future_action":{"enabled":false,"date":"2026-05-05 17:03:47","action":"change-status","newStatus":"draft","terms":[],"taxonomy":"","extraData":[]},"publishpress_future_workflow_manual_trigger":{"enabledWorkflows":[]},"_links":{"self":[{"href":"https:\/\/cosimulation.es\/cat\/wp-json\/wp\/v2\/pages\/2667","targetHints":{"allow":["GET"]}}],"collection":[{"href":"https:\/\/cosimulation.es\/cat\/wp-json\/wp\/v2\/pages"}],"about":[{"href":"https:\/\/cosimulation.es\/cat\/wp-json\/wp\/v2\/types\/page"}],"author":[{"embeddable":true,"href":"https:\/\/cosimulation.es\/cat\/wp-json\/wp\/v2\/users\/1"}],"replies":[{"embeddable":true,"href":"https:\/\/cosimulation.es\/cat\/wp-json\/wp\/v2\/comments?post=2667"}],"version-history":[{"count":26,"href":"https:\/\/cosimulation.es\/cat\/wp-json\/wp\/v2\/pages\/2667\/revisions"}],"predecessor-version":[{"id":4082,"href":"https:\/\/cosimulation.es\/cat\/wp-json\/wp\/v2\/pages\/2667\/revisions\/4082"}],"wp:attachment":[{"href":"https:\/\/cosimulation.es\/cat\/wp-json\/wp\/v2\/media?parent=2667"}],"curies":[{"name":"wp","href":"https:\/\/api.w.org\/{rel}","templated":true}]}}